{"id":5722,"date":"2022-02-17T18:25:52","date_gmt":"2022-02-17T17:25:52","guid":{"rendered":"https:\/\/labema.pl\/?post_type=product&#038;p=5722"},"modified":"2023-01-27T18:04:16","modified_gmt":"2023-01-27T17:04:16","slug":"discovery-comfort-pipeta-wielokanalowa-o-zmiennej-objetosci","status":"publish","type":"product","link":"https:\/\/labema.pl\/?product=discovery-comfort-pipeta-wielokanalowa-o-zmiennej-objetosci","title":{"rendered":"<strong>DISCOVERY Comfort<\/strong> pipeta wielokana\u0142owa o zmiennej obj\u0119to\u015bci"},"content":{"rendered":"<p align=\"justify\">Pipety automatyczne jednokana\u0142owe i wielokana\u0142owe z serii <strong>DISCOVERY Comfort<\/strong> \u0142\u0105cz\u0105 sprawdzon\u0105 konstrukcj\u0119 r\u0119koje\u015bci, kt\u00f3ra gwarantuje najwy\u017csz\u0105 powtarzalno\u015b\u0107 i wysok\u0105 wytrzyma\u0142o\u015b\u0107 z nowoczesnymi rozwi\u0105zaniami zapewniaj\u0105cymi doskona\u0142\u0105 ergonomi\u0119 i bezpiecze\u0144stwo.<\/p>\n<ul>\n<li><em><span class=\"tekst1\">Blokada nastawy pojemno\u015bci<\/span><\/em><\/li>\n<li><em><span class=\"tekst1\">R\u0119koje\u015b\u0107 idealnie dopasowana do d\u0142oni <\/span><\/em><\/li>\n<li><em><span class=\"tekst1\">System mi\u0119kkich spr\u0119\u017cyn <\/span><\/em><\/li>\n<li><em><span class=\"tekst1\">Kolorowe pier\u015bcienie <\/span><\/em><\/li>\n<li><em><span class=\"tekst1\">Wi\u0119ksze cyfry w liczniku nastawy <\/span><\/em><\/li>\n<li><em><span class=\"tekst1\">Autoklawowalna w ca\u0142o\u015bci <\/span><\/em><\/li>\n<li><em><span class=\"tekst1\">Odporna na promieniowanie UV<\/span><\/em><\/li>\n<li><em><span class=\"tekst1\">Wyposa\u017cona w podw\u00f3jny system nastawy pojemno\u015bci <\/span><\/em><\/li>\n<li><em><span class=\"tekst1\">Regulowana d\u0142ugo\u015b\u0107 wyrzutnika<\/span><\/em><\/li>\n<li><span class=\"tekst1\"><em>Doskona\u0142e parametry dok\u0142adno\u015bci i powtarzalno\u015bci<\/em> <\/span><\/li>\n<\/ul>\n<p><span style=\"color: black; font-size: x-large;\">Specyfikacja<\/span><\/p>\n<table border=\"1\" rules=\"all\" align=\"center\">\n<tbody>\n<tr>\n<td colspan=\"1\" rowspan=\"1\" align=\"center\"><strong>Model<\/strong><\/td>\n<td colspan=\"1\" rowspan=\"1\" align=\"center\"><strong>Nr kat.<\/strong><\/td>\n<td colspan=\"1\" rowspan=\"1\" align=\"center\"><strong>Kolor<\/strong><\/td>\n<td colspan=\"1\" rowspan=\"1\" align=\"center\"><strong>Pojemno\u015b\u0107 [\u00b5l]<\/strong><\/td>\n<td colspan=\"1\" rowspan=\"1\" align=\"center\"><strong>A [%]<\/strong><\/td>\n<td colspan=\"1\" rowspan=\"1\" align=\"center\"><strong>P [%]<\/strong><\/td>\n<td colspan=\"1\" rowspan=\"1\" align=\"center\"><strong>Ko\u0144c\u00f3wka<\/strong><\/td>\n<\/tr>\n<tr>\n<td colspan=\"1\" rowspan=\"1\" align=\"center\">DV8-10<br \/>\nDV12-10<\/td>\n<td colspan=\"1\" rowspan=\"1\" align=\"center\">5121<br \/>\n5125<\/td>\n<td colspan=\"1\" rowspan=\"1\" align=\"center\">Czerwony<\/td>\n<td style=\"text-align: right;\">Min 0,5<br \/>\n5<br \/>\nMax10<\/td>\n<td>\u00b1 10,0<br \/>\n\u00b1 4,0<br \/>\n\u00b1 2,0<\/td>\n<td>\u00b1 8,0<br \/>\n\u00b1 2,0<br \/>\n\u00b1 1,2<\/td>\n<td colspan=\"1\" rowspan=\"1\" align=\"center\">10 \u00b5l<\/td>\n<\/tr>\n<tr>\n<td colspan=\"1\" rowspan=\"1\" align=\"center\">DV8-50<br \/>\nDV12-50<\/td>\n<td colspan=\"1\" rowspan=\"1\" align=\"center\">5122<br \/>\n5126<\/td>\n<td colspan=\"1\" rowspan=\"1\" align=\"center\">\u017b\u00f3\u0142ty<\/td>\n<td style=\"text-align: right;\">Min 5<br \/>\n25<br \/>\nMax 50<\/td>\n<td>\u00b1 4,0<br \/>\n\u00b1 3,0<br \/>\n\u00b1 1,6<\/td>\n<td>\u00b1 2,5<br \/>\n\u00b1 1,2<br \/>\n\u00b1 0,6<\/td>\n<td colspan=\"1\" rowspan=\"1\" align=\"center\">200 \u00b5l<\/td>\n<\/tr>\n<tr>\n<td colspan=\"1\" rowspan=\"1\" align=\"center\">DV8-200<br \/>\nDV12-200<\/td>\n<td colspan=\"1\" rowspan=\"1\" align=\"center\">5123<br \/>\n5127<\/td>\n<td colspan=\"1\" rowspan=\"1\" align=\"center\">\u017b\u00f3\u0142ty<\/td>\n<td style=\"text-align: right;\">Min 20<br \/>\n100<br \/>\nMax 200<\/td>\n<td>\u00b1 3,0<br \/>\n\u00b1 1,5<br \/>\n\u00b1 1,0<\/td>\n<td>\u00b1 1,5<br \/>\n\u00b1 0,8<br \/>\n\u00b1 0,6<\/td>\n<td colspan=\"1\" rowspan=\"1\" align=\"center\">200 \u00b5l<\/td>\n<\/tr>\n<tr>\n<td colspan=\"1\" rowspan=\"1\" align=\"center\">DV8-300<br \/>\nDV12-300<\/td>\n<td colspan=\"1\" rowspan=\"1\" align=\"center\">5124<br \/>\n5128<\/td>\n<td colspan=\"1\" rowspan=\"1\" align=\"center\">Zielony<\/td>\n<td style=\"text-align: right;\">Min 50<br \/>\n150<br \/>\nMax 300<\/td>\n<td>\u00b1 1,6<br \/>\n\u00b1 1,2<br \/>\n\u00b1 1,0<\/td>\n<td>\u00b1 1,5<br \/>\n\u00b1 1,0<br \/>\n\u00b1 0,6<\/td>\n<td colspan=\"1\" rowspan=\"1\" align=\"center\">300 \u00b5l<\/td>\n<\/tr>\n<\/tbody>\n<\/table>\n<p>A-b\u0142\u0105d dok\u0142adno\u015bci, P-b\u0142\u0105d powtarzalno\u015bci<\/p>\n","protected":false},"excerpt":{"rendered":"<p>Pipety automatyczne jednokana\u0142owe i wielokana\u0142owe z serii DISCOVERY Comfort \u0142\u0105cz\u0105 sprawdzon\u0105 konstrukcj\u0119 r\u0119koje\u015bci, kt\u00f3ra gwarantuje najwy\u017csz\u0105 powtarzalno\u015b\u0107 i wysok\u0105 wytrzyma\u0142o\u015b\u0107 z nowoczesnymi rozwi\u0105zaniami zapewniaj\u0105cymi doskona\u0142\u0105 ergonomi\u0119 i bezpiecze\u0144stwo. Blokada nastawy pojemno\u015bci R\u0119koje\u015b\u0107 idealnie dopasowana do d\u0142oni System mi\u0119kkich spr\u0119\u017cyn Kolorowe pier\u015bcienie Wi\u0119ksze cyfry w liczniku nastawy Autoklawowalna w ca\u0142o\u015bci Odporna na promieniowanie UV Wyposa\u017cona w [&hellip;]<\/p>\n","protected":false},"featured_media":5757,"template":"","meta":{"_et_pb_use_builder":"","_et_pb_old_content":"","_et_gb_content_width":""},"product_brand":[],"product_cat":[97],"product_tag":[],"class_list":{"0":"post-5722","1":"product","2":"type-product","3":"status-publish","4":"has-post-thumbnail","6":"product_cat-pipety-automatyczne-pipety-i-koncowki-do-pipet-2","8":"first","9":"instock","10":"taxable","11":"shipping-taxable","12":"purchasable","13":"product-type-variable"},"yoast_head":"<!-- This site is optimized with the Yoast SEO plugin v26.7 - https:\/\/yoast.com\/wordpress\/plugins\/seo\/ -->\n<title>DISCOVERY Comfort pipeta wielokana\u0142owa o zmiennej obj\u0119to\u015bci | Labema<\/title>\n<meta name=\"robots\" content=\"index, follow, max-snippet:-1, max-image-preview:large, max-video-preview:-1\" \/>\n<link rel=\"canonical\" href=\"https:\/\/labema.pl\/?product=discovery-comfort-pipeta-wielokanalowa-o-zmiennej-objetosci\" \/>\n<meta property=\"og:locale\" content=\"pl_PL\" \/>\n<meta property=\"og:type\" content=\"article\" \/>\n<meta property=\"og:title\" content=\"DISCOVERY Comfort pipeta wielokana\u0142owa o zmiennej obj\u0119to\u015bci | Labema\" \/>\n<meta property=\"og:description\" content=\"Pipety automatyczne jednokana\u0142owe i wielokana\u0142owe z serii DISCOVERY Comfort \u0142\u0105cz\u0105 sprawdzon\u0105 konstrukcj\u0119 r\u0119koje\u015bci, kt\u00f3ra gwarantuje najwy\u017csz\u0105 powtarzalno\u015b\u0107 i wysok\u0105 wytrzyma\u0142o\u015b\u0107 z nowoczesnymi rozwi\u0105zaniami zapewniaj\u0105cymi doskona\u0142\u0105 ergonomi\u0119 i bezpiecze\u0144stwo. Blokada nastawy pojemno\u015bci R\u0119koje\u015b\u0107 idealnie dopasowana do d\u0142oni System mi\u0119kkich spr\u0119\u017cyn Kolorowe pier\u015bcienie Wi\u0119ksze cyfry w liczniku nastawy Autoklawowalna w ca\u0142o\u015bci Odporna na promieniowanie UV Wyposa\u017cona w [&hellip;]\" \/>\n<meta property=\"og:url\" content=\"https:\/\/labema.pl\/?product=discovery-comfort-pipeta-wielokanalowa-o-zmiennej-objetosci\" \/>\n<meta property=\"og:site_name\" content=\"Labema\" \/>\n<meta property=\"article:modified_time\" content=\"2023-01-27T17:04:16+00:00\" \/>\n<meta property=\"og:image\" content=\"https:\/\/labema.pl\/wp-content\/uploads\/discovery_comfort_multi.jpg\" \/>\n\t<meta property=\"og:image:width\" content=\"650\" \/>\n\t<meta property=\"og:image:height\" content=\"650\" \/>\n\t<meta property=\"og:image:type\" content=\"image\/jpeg\" \/>\n<meta name=\"twitter:card\" content=\"summary_large_image\" \/>\n<meta name=\"twitter:label1\" content=\"Szacowany czas czytania\" \/>\n\t<meta name=\"twitter:data1\" content=\"1 minuta\" \/>\n<script type=\"application\/ld+json\" class=\"yoast-schema-graph\">{\"@context\":\"https:\/\/schema.org\",\"@graph\":[{\"@type\":\"WebPage\",\"@id\":\"https:\/\/labema.pl\/?product=discovery-comfort-pipeta-wielokanalowa-o-zmiennej-objetosci\",\"url\":\"https:\/\/labema.pl\/?product=discovery-comfort-pipeta-wielokanalowa-o-zmiennej-objetosci\",\"name\":\"DISCOVERY Comfort pipeta wielokana\u0142owa o zmiennej obj\u0119to\u015bci | Labema\",\"isPartOf\":{\"@id\":\"https:\/\/labema.pl\/#website\"},\"primaryImageOfPage\":{\"@id\":\"https:\/\/labema.pl\/?product=discovery-comfort-pipeta-wielokanalowa-o-zmiennej-objetosci#primaryimage\"},\"image\":{\"@id\":\"https:\/\/labema.pl\/?product=discovery-comfort-pipeta-wielokanalowa-o-zmiennej-objetosci#primaryimage\"},\"thumbnailUrl\":\"https:\/\/labema.pl\/wp-content\/uploads\/discovery_comfort_multi.jpg\",\"datePublished\":\"2022-02-17T17:25:52+00:00\",\"dateModified\":\"2023-01-27T17:04:16+00:00\",\"breadcrumb\":{\"@id\":\"https:\/\/labema.pl\/?product=discovery-comfort-pipeta-wielokanalowa-o-zmiennej-objetosci#breadcrumb\"},\"inLanguage\":\"pl-PL\",\"potentialAction\":[{\"@type\":\"ReadAction\",\"target\":[\"https:\/\/labema.pl\/?product=discovery-comfort-pipeta-wielokanalowa-o-zmiennej-objetosci\"]}]},{\"@type\":\"ImageObject\",\"inLanguage\":\"pl-PL\",\"@id\":\"https:\/\/labema.pl\/?product=discovery-comfort-pipeta-wielokanalowa-o-zmiennej-objetosci#primaryimage\",\"url\":\"https:\/\/labema.pl\/wp-content\/uploads\/discovery_comfort_multi.jpg\",\"contentUrl\":\"https:\/\/labema.pl\/wp-content\/uploads\/discovery_comfort_multi.jpg\",\"width\":650,\"height\":650},{\"@type\":\"BreadcrumbList\",\"@id\":\"https:\/\/labema.pl\/?product=discovery-comfort-pipeta-wielokanalowa-o-zmiennej-objetosci#breadcrumb\",\"itemListElement\":[{\"@type\":\"ListItem\",\"position\":1,\"name\":\"Strona g\u0142\u00f3wna\",\"item\":\"https:\/\/labema.pl\/\"},{\"@type\":\"ListItem\",\"position\":2,\"name\":\"e-Katalog\",\"item\":\"https:\/\/labema.pl\/?page_id=225\"},{\"@type\":\"ListItem\",\"position\":3,\"name\":\"DISCOVERY Comfort pipeta wielokana\u0142owa o zmiennej obj\u0119to\u015bci\"}]},{\"@type\":\"WebSite\",\"@id\":\"https:\/\/labema.pl\/#website\",\"url\":\"https:\/\/labema.pl\/\",\"name\":\"Labema\",\"description\":\"Wyposa\u017cenie laboratorium\",\"publisher\":{\"@id\":\"https:\/\/labema.pl\/#organization\"},\"potentialAction\":[{\"@type\":\"SearchAction\",\"target\":{\"@type\":\"EntryPoint\",\"urlTemplate\":\"https:\/\/labema.pl\/?s={search_term_string}\"},\"query-input\":{\"@type\":\"PropertyValueSpecification\",\"valueRequired\":true,\"valueName\":\"search_term_string\"}}],\"inLanguage\":\"pl-PL\"},{\"@type\":\"Organization\",\"@id\":\"https:\/\/labema.pl\/#organization\",\"name\":\"Labema\",\"url\":\"https:\/\/labema.pl\/\",\"logo\":{\"@type\":\"ImageObject\",\"inLanguage\":\"pl-PL\",\"@id\":\"https:\/\/labema.pl\/#\/schema\/logo\/image\/\",\"url\":\"https:\/\/labema.pl\/wp-content\/uploads\/2016\/04\/labema.jpg\",\"contentUrl\":\"https:\/\/labema.pl\/wp-content\/uploads\/2016\/04\/labema.jpg\",\"width\":875,\"height\":220,\"caption\":\"Labema\"},\"image\":{\"@id\":\"https:\/\/labema.pl\/#\/schema\/logo\/image\/\"}}]}<\/script>\n<!-- \/ Yoast SEO plugin. -->","yoast_head_json":{"title":"DISCOVERY Comfort pipeta wielokana\u0142owa o zmiennej obj\u0119to\u015bci | Labema","robots":{"index":"index","follow":"follow","max-snippet":"max-snippet:-1","max-image-preview":"max-image-preview:large","max-video-preview":"max-video-preview:-1"},"canonical":"https:\/\/labema.pl\/?product=discovery-comfort-pipeta-wielokanalowa-o-zmiennej-objetosci","og_locale":"pl_PL","og_type":"article","og_title":"DISCOVERY Comfort pipeta wielokana\u0142owa o zmiennej obj\u0119to\u015bci | Labema","og_description":"Pipety automatyczne jednokana\u0142owe i wielokana\u0142owe z serii DISCOVERY Comfort \u0142\u0105cz\u0105 sprawdzon\u0105 konstrukcj\u0119 r\u0119koje\u015bci, kt\u00f3ra gwarantuje najwy\u017csz\u0105 powtarzalno\u015b\u0107 i wysok\u0105 wytrzyma\u0142o\u015b\u0107 z nowoczesnymi rozwi\u0105zaniami zapewniaj\u0105cymi doskona\u0142\u0105 ergonomi\u0119 i bezpiecze\u0144stwo. Blokada nastawy pojemno\u015bci R\u0119koje\u015b\u0107 idealnie dopasowana do d\u0142oni System mi\u0119kkich spr\u0119\u017cyn Kolorowe pier\u015bcienie Wi\u0119ksze cyfry w liczniku nastawy Autoklawowalna w ca\u0142o\u015bci Odporna na promieniowanie UV Wyposa\u017cona w [&hellip;]","og_url":"https:\/\/labema.pl\/?product=discovery-comfort-pipeta-wielokanalowa-o-zmiennej-objetosci","og_site_name":"Labema","article_modified_time":"2023-01-27T17:04:16+00:00","og_image":[{"width":650,"height":650,"url":"https:\/\/labema.pl\/wp-content\/uploads\/discovery_comfort_multi.jpg","type":"image\/jpeg"}],"twitter_card":"summary_large_image","twitter_misc":{"Szacowany czas czytania":"1 minuta"},"schema":{"@context":"https:\/\/schema.org","@graph":[{"@type":"WebPage","@id":"https:\/\/labema.pl\/?product=discovery-comfort-pipeta-wielokanalowa-o-zmiennej-objetosci","url":"https:\/\/labema.pl\/?product=discovery-comfort-pipeta-wielokanalowa-o-zmiennej-objetosci","name":"DISCOVERY Comfort pipeta wielokana\u0142owa o zmiennej obj\u0119to\u015bci | Labema","isPartOf":{"@id":"https:\/\/labema.pl\/#website"},"primaryImageOfPage":{"@id":"https:\/\/labema.pl\/?product=discovery-comfort-pipeta-wielokanalowa-o-zmiennej-objetosci#primaryimage"},"image":{"@id":"https:\/\/labema.pl\/?product=discovery-comfort-pipeta-wielokanalowa-o-zmiennej-objetosci#primaryimage"},"thumbnailUrl":"https:\/\/labema.pl\/wp-content\/uploads\/discovery_comfort_multi.jpg","datePublished":"2022-02-17T17:25:52+00:00","dateModified":"2023-01-27T17:04:16+00:00","breadcrumb":{"@id":"https:\/\/labema.pl\/?product=discovery-comfort-pipeta-wielokanalowa-o-zmiennej-objetosci#breadcrumb"},"inLanguage":"pl-PL","potentialAction":[{"@type":"ReadAction","target":["https:\/\/labema.pl\/?product=discovery-comfort-pipeta-wielokanalowa-o-zmiennej-objetosci"]}]},{"@type":"ImageObject","inLanguage":"pl-PL","@id":"https:\/\/labema.pl\/?product=discovery-comfort-pipeta-wielokanalowa-o-zmiennej-objetosci#primaryimage","url":"https:\/\/labema.pl\/wp-content\/uploads\/discovery_comfort_multi.jpg","contentUrl":"https:\/\/labema.pl\/wp-content\/uploads\/discovery_comfort_multi.jpg","width":650,"height":650},{"@type":"BreadcrumbList","@id":"https:\/\/labema.pl\/?product=discovery-comfort-pipeta-wielokanalowa-o-zmiennej-objetosci#breadcrumb","itemListElement":[{"@type":"ListItem","position":1,"name":"Strona g\u0142\u00f3wna","item":"https:\/\/labema.pl\/"},{"@type":"ListItem","position":2,"name":"e-Katalog","item":"https:\/\/labema.pl\/?page_id=225"},{"@type":"ListItem","position":3,"name":"DISCOVERY Comfort pipeta wielokana\u0142owa o zmiennej obj\u0119to\u015bci"}]},{"@type":"WebSite","@id":"https:\/\/labema.pl\/#website","url":"https:\/\/labema.pl\/","name":"Labema","description":"Wyposa\u017cenie laboratorium","publisher":{"@id":"https:\/\/labema.pl\/#organization"},"potentialAction":[{"@type":"SearchAction","target":{"@type":"EntryPoint","urlTemplate":"https:\/\/labema.pl\/?s={search_term_string}"},"query-input":{"@type":"PropertyValueSpecification","valueRequired":true,"valueName":"search_term_string"}}],"inLanguage":"pl-PL"},{"@type":"Organization","@id":"https:\/\/labema.pl\/#organization","name":"Labema","url":"https:\/\/labema.pl\/","logo":{"@type":"ImageObject","inLanguage":"pl-PL","@id":"https:\/\/labema.pl\/#\/schema\/logo\/image\/","url":"https:\/\/labema.pl\/wp-content\/uploads\/2016\/04\/labema.jpg","contentUrl":"https:\/\/labema.pl\/wp-content\/uploads\/2016\/04\/labema.jpg","width":875,"height":220,"caption":"Labema"},"image":{"@id":"https:\/\/labema.pl\/#\/schema\/logo\/image\/"}}]}},"_links":{"self":[{"href":"https:\/\/labema.pl\/index.php?rest_route=\/wp\/v2\/product\/5722","targetHints":{"allow":["GET"]}}],"collection":[{"href":"https:\/\/labema.pl\/index.php?rest_route=\/wp\/v2\/product"}],"about":[{"href":"https:\/\/labema.pl\/index.php?rest_route=\/wp\/v2\/types\/product"}],"wp:featuredmedia":[{"embeddable":true,"href":"https:\/\/labema.pl\/index.php?rest_route=\/wp\/v2\/media\/5757"}],"wp:attachment":[{"href":"https:\/\/labema.pl\/index.php?rest_route=%2Fwp%2Fv2%2Fmedia&parent=5722"}],"wp:term":[{"taxonomy":"product_brand","embeddable":true,"href":"https:\/\/labema.pl\/index.php?rest_route=%2Fwp%2Fv2%2Fproduct_brand&post=5722"},{"taxonomy":"product_cat","embeddable":true,"href":"https:\/\/labema.pl\/index.php?rest_route=%2Fwp%2Fv2%2Fproduct_cat&post=5722"},{"taxonomy":"product_tag","embeddable":true,"href":"https:\/\/labema.pl\/index.php?rest_route=%2Fwp%2Fv2%2Fproduct_tag&post=5722"}],"curies":[{"name":"wp","href":"https:\/\/api.w.org\/{rel}","templated":true}]}}