{"id":3527,"date":"2017-12-08T07:55:27","date_gmt":"2017-12-08T06:55:27","guid":{"rendered":"https:\/\/labema.pl\/?product=zlewka-plastikowa-pp-z-uchwytem-skala-tloczona"},"modified":"2025-07-31T11:27:52","modified_gmt":"2025-07-31T09:27:52","slug":"zlewka-plastikowa-pp-z-uchwytem-skala-tloczona","status":"publish","type":"product","link":"https:\/\/labema.pl\/?product=zlewka-plastikowa-pp-z-uchwytem-skala-tloczona","title":{"rendered":"Zlewka plastikowa (PP) z uchwytem, skala t\u0142oczona"},"content":{"rendered":"<p align=\"justify\">Zlewka miarowa plastikowa z czyteln\u0105, wyt\u0142oczon\u0105 podzia\u0142k\u0105. Wykonana z polipropylenu. Posiada wylew u\u0142atwiaj\u0105cy przelewanie cieczy oraz wygodny uchwyt. Wykorzystywana np. do odmierzania substancji chemicznych, sporz\u0105dzania roztwor\u00f3w, przelewania, rozpuszczania cieczy oraz przeprowadzania prostych reakcji chemicznych. \u0141atwa do czyszczenia. Przeznaczona do codziennego u\u017cytku. Posiada oznaczenie Food grade. Oferowane pojemno\u015bci zlewek: 250, 500, 1000, 2000, 3000, 5000 ml.<\/p>\n<p>Producent: Labema<\/p>\n<p>Measuring jug, PP, embossed scale<\/p>\n","protected":false},"excerpt":{"rendered":"<p>Zlewka miarowa plastikowa z czyteln\u0105, wyt\u0142oczon\u0105 podzia\u0142k\u0105. Wykonana z polipropylenu. Posiada wylew u\u0142atwiaj\u0105cy przelewanie cieczy oraz wygodny uchwyt. Wykorzystywana np. do odmierzania substancji chemicznych, sporz\u0105dzania roztwor\u00f3w, przelewania, rozpuszczania cieczy oraz przeprowadzania prostych reakcji chemicznych. \u0141atwa do czyszczenia. Przeznaczona do codziennego u\u017cytku. Posiada oznaczenie Food grade. Oferowane pojemno\u015bci zlewek: 250, 500, 1000, 2000, 3000, 5000 ml. [&hellip;]<\/p>\n","protected":false},"featured_media":3534,"template":"","meta":{"_et_pb_use_builder":"","_et_pb_old_content":"","_et_gb_content_width":""},"product_brand":[],"product_cat":[64],"product_tag":[],"class_list":{"0":"post-3527","1":"product","2":"type-product","3":"status-publish","4":"has-post-thumbnail","6":"product_cat-zlewki-plastikowe","7":"product_shipping_class-plastiki_labema","9":"first","10":"instock","11":"taxable","12":"shipping-taxable","13":"purchasable","14":"product-type-variable"},"yoast_head":"<!-- This site is optimized with the Yoast SEO plugin v26.7 - https:\/\/yoast.com\/wordpress\/plugins\/seo\/ -->\n<title>Zlewka plastikowa (PP) z uchwytem, skala t\u0142oczona | Labema<\/title>\n<meta name=\"robots\" content=\"index, follow, max-snippet:-1, max-image-preview:large, max-video-preview:-1\" \/>\n<link rel=\"canonical\" href=\"https:\/\/labema.pl\/?product=zlewka-plastikowa-pp-z-uchwytem-skala-tloczona\" \/>\n<meta property=\"og:locale\" content=\"pl_PL\" \/>\n<meta property=\"og:type\" content=\"article\" \/>\n<meta property=\"og:title\" content=\"Zlewka plastikowa (PP) z uchwytem, skala t\u0142oczona | Labema\" \/>\n<meta property=\"og:description\" content=\"Zlewka miarowa plastikowa z czyteln\u0105, wyt\u0142oczon\u0105 podzia\u0142k\u0105. Wykonana z polipropylenu. Posiada wylew u\u0142atwiaj\u0105cy przelewanie cieczy oraz wygodny uchwyt. Wykorzystywana np. do odmierzania substancji chemicznych, sporz\u0105dzania roztwor\u00f3w, przelewania, rozpuszczania cieczy oraz przeprowadzania prostych reakcji chemicznych. \u0141atwa do czyszczenia. Przeznaczona do codziennego u\u017cytku. Posiada oznaczenie Food grade. Oferowane pojemno\u015bci zlewek: 250, 500, 1000, 2000, 3000, 5000 ml. [&hellip;]\" \/>\n<meta property=\"og:url\" content=\"https:\/\/labema.pl\/?product=zlewka-plastikowa-pp-z-uchwytem-skala-tloczona\" \/>\n<meta property=\"og:site_name\" content=\"Labema\" \/>\n<meta property=\"article:modified_time\" content=\"2025-07-31T09:27:52+00:00\" \/>\n<meta property=\"og:image\" content=\"https:\/\/labema.pl\/wp-content\/uploads\/Zlewka_plstikowa_pp_z_uchwytem.jpg\" \/>\n\t<meta property=\"og:image:width\" content=\"510\" \/>\n\t<meta property=\"og:image:height\" content=\"680\" \/>\n\t<meta property=\"og:image:type\" content=\"image\/jpeg\" \/>\n<meta name=\"twitter:card\" content=\"summary_large_image\" \/>\n<script type=\"application\/ld+json\" class=\"yoast-schema-graph\">{\"@context\":\"https:\/\/schema.org\",\"@graph\":[{\"@type\":\"WebPage\",\"@id\":\"https:\/\/labema.pl\/?product=zlewka-plastikowa-pp-z-uchwytem-skala-tloczona\",\"url\":\"https:\/\/labema.pl\/?product=zlewka-plastikowa-pp-z-uchwytem-skala-tloczona\",\"name\":\"Zlewka plastikowa (PP) z uchwytem, skala t\u0142oczona | Labema\",\"isPartOf\":{\"@id\":\"https:\/\/labema.pl\/#website\"},\"primaryImageOfPage\":{\"@id\":\"https:\/\/labema.pl\/?product=zlewka-plastikowa-pp-z-uchwytem-skala-tloczona#primaryimage\"},\"image\":{\"@id\":\"https:\/\/labema.pl\/?product=zlewka-plastikowa-pp-z-uchwytem-skala-tloczona#primaryimage\"},\"thumbnailUrl\":\"https:\/\/labema.pl\/wp-content\/uploads\/Zlewka_plstikowa_pp_z_uchwytem.jpg\",\"datePublished\":\"2017-12-08T06:55:27+00:00\",\"dateModified\":\"2025-07-31T09:27:52+00:00\",\"breadcrumb\":{\"@id\":\"https:\/\/labema.pl\/?product=zlewka-plastikowa-pp-z-uchwytem-skala-tloczona#breadcrumb\"},\"inLanguage\":\"pl-PL\",\"potentialAction\":[{\"@type\":\"ReadAction\",\"target\":[\"https:\/\/labema.pl\/?product=zlewka-plastikowa-pp-z-uchwytem-skala-tloczona\"]}]},{\"@type\":\"ImageObject\",\"inLanguage\":\"pl-PL\",\"@id\":\"https:\/\/labema.pl\/?product=zlewka-plastikowa-pp-z-uchwytem-skala-tloczona#primaryimage\",\"url\":\"https:\/\/labema.pl\/wp-content\/uploads\/Zlewka_plstikowa_pp_z_uchwytem.jpg\",\"contentUrl\":\"https:\/\/labema.pl\/wp-content\/uploads\/Zlewka_plstikowa_pp_z_uchwytem.jpg\",\"width\":510,\"height\":680,\"caption\":\"Zlewka plastikowa (PP) z uchwytem, skala t\u0142oczona\"},{\"@type\":\"BreadcrumbList\",\"@id\":\"https:\/\/labema.pl\/?product=zlewka-plastikowa-pp-z-uchwytem-skala-tloczona#breadcrumb\",\"itemListElement\":[{\"@type\":\"ListItem\",\"position\":1,\"name\":\"Strona g\u0142\u00f3wna\",\"item\":\"https:\/\/labema.pl\/\"},{\"@type\":\"ListItem\",\"position\":2,\"name\":\"e-Katalog\",\"item\":\"https:\/\/labema.pl\/?page_id=225\"},{\"@type\":\"ListItem\",\"position\":3,\"name\":\"Zlewka plastikowa (PP) z uchwytem, skala t\u0142oczona\"}]},{\"@type\":\"WebSite\",\"@id\":\"https:\/\/labema.pl\/#website\",\"url\":\"https:\/\/labema.pl\/\",\"name\":\"Labema\",\"description\":\"Wyposa\u017cenie laboratorium\",\"publisher\":{\"@id\":\"https:\/\/labema.pl\/#organization\"},\"potentialAction\":[{\"@type\":\"SearchAction\",\"target\":{\"@type\":\"EntryPoint\",\"urlTemplate\":\"https:\/\/labema.pl\/?s={search_term_string}\"},\"query-input\":{\"@type\":\"PropertyValueSpecification\",\"valueRequired\":true,\"valueName\":\"search_term_string\"}}],\"inLanguage\":\"pl-PL\"},{\"@type\":\"Organization\",\"@id\":\"https:\/\/labema.pl\/#organization\",\"name\":\"Labema\",\"url\":\"https:\/\/labema.pl\/\",\"logo\":{\"@type\":\"ImageObject\",\"inLanguage\":\"pl-PL\",\"@id\":\"https:\/\/labema.pl\/#\/schema\/logo\/image\/\",\"url\":\"https:\/\/labema.pl\/wp-content\/uploads\/2016\/04\/labema.jpg\",\"contentUrl\":\"https:\/\/labema.pl\/wp-content\/uploads\/2016\/04\/labema.jpg\",\"width\":875,\"height\":220,\"caption\":\"Labema\"},\"image\":{\"@id\":\"https:\/\/labema.pl\/#\/schema\/logo\/image\/\"}}]}<\/script>\n<!-- \/ Yoast SEO plugin. -->","yoast_head_json":{"title":"Zlewka plastikowa (PP) z uchwytem, skala t\u0142oczona | Labema","robots":{"index":"index","follow":"follow","max-snippet":"max-snippet:-1","max-image-preview":"max-image-preview:large","max-video-preview":"max-video-preview:-1"},"canonical":"https:\/\/labema.pl\/?product=zlewka-plastikowa-pp-z-uchwytem-skala-tloczona","og_locale":"pl_PL","og_type":"article","og_title":"Zlewka plastikowa (PP) z uchwytem, skala t\u0142oczona | Labema","og_description":"Zlewka miarowa plastikowa z czyteln\u0105, wyt\u0142oczon\u0105 podzia\u0142k\u0105. Wykonana z polipropylenu. Posiada wylew u\u0142atwiaj\u0105cy przelewanie cieczy oraz wygodny uchwyt. Wykorzystywana np. do odmierzania substancji chemicznych, sporz\u0105dzania roztwor\u00f3w, przelewania, rozpuszczania cieczy oraz przeprowadzania prostych reakcji chemicznych. \u0141atwa do czyszczenia. Przeznaczona do codziennego u\u017cytku. Posiada oznaczenie Food grade. Oferowane pojemno\u015bci zlewek: 250, 500, 1000, 2000, 3000, 5000 ml. [&hellip;]","og_url":"https:\/\/labema.pl\/?product=zlewka-plastikowa-pp-z-uchwytem-skala-tloczona","og_site_name":"Labema","article_modified_time":"2025-07-31T09:27:52+00:00","og_image":[{"width":510,"height":680,"url":"https:\/\/labema.pl\/wp-content\/uploads\/Zlewka_plstikowa_pp_z_uchwytem.jpg","type":"image\/jpeg"}],"twitter_card":"summary_large_image","schema":{"@context":"https:\/\/schema.org","@graph":[{"@type":"WebPage","@id":"https:\/\/labema.pl\/?product=zlewka-plastikowa-pp-z-uchwytem-skala-tloczona","url":"https:\/\/labema.pl\/?product=zlewka-plastikowa-pp-z-uchwytem-skala-tloczona","name":"Zlewka plastikowa (PP) z uchwytem, skala t\u0142oczona | Labema","isPartOf":{"@id":"https:\/\/labema.pl\/#website"},"primaryImageOfPage":{"@id":"https:\/\/labema.pl\/?product=zlewka-plastikowa-pp-z-uchwytem-skala-tloczona#primaryimage"},"image":{"@id":"https:\/\/labema.pl\/?product=zlewka-plastikowa-pp-z-uchwytem-skala-tloczona#primaryimage"},"thumbnailUrl":"https:\/\/labema.pl\/wp-content\/uploads\/Zlewka_plstikowa_pp_z_uchwytem.jpg","datePublished":"2017-12-08T06:55:27+00:00","dateModified":"2025-07-31T09:27:52+00:00","breadcrumb":{"@id":"https:\/\/labema.pl\/?product=zlewka-plastikowa-pp-z-uchwytem-skala-tloczona#breadcrumb"},"inLanguage":"pl-PL","potentialAction":[{"@type":"ReadAction","target":["https:\/\/labema.pl\/?product=zlewka-plastikowa-pp-z-uchwytem-skala-tloczona"]}]},{"@type":"ImageObject","inLanguage":"pl-PL","@id":"https:\/\/labema.pl\/?product=zlewka-plastikowa-pp-z-uchwytem-skala-tloczona#primaryimage","url":"https:\/\/labema.pl\/wp-content\/uploads\/Zlewka_plstikowa_pp_z_uchwytem.jpg","contentUrl":"https:\/\/labema.pl\/wp-content\/uploads\/Zlewka_plstikowa_pp_z_uchwytem.jpg","width":510,"height":680,"caption":"Zlewka plastikowa (PP) z uchwytem, skala t\u0142oczona"},{"@type":"BreadcrumbList","@id":"https:\/\/labema.pl\/?product=zlewka-plastikowa-pp-z-uchwytem-skala-tloczona#breadcrumb","itemListElement":[{"@type":"ListItem","position":1,"name":"Strona g\u0142\u00f3wna","item":"https:\/\/labema.pl\/"},{"@type":"ListItem","position":2,"name":"e-Katalog","item":"https:\/\/labema.pl\/?page_id=225"},{"@type":"ListItem","position":3,"name":"Zlewka plastikowa (PP) z uchwytem, skala t\u0142oczona"}]},{"@type":"WebSite","@id":"https:\/\/labema.pl\/#website","url":"https:\/\/labema.pl\/","name":"Labema","description":"Wyposa\u017cenie laboratorium","publisher":{"@id":"https:\/\/labema.pl\/#organization"},"potentialAction":[{"@type":"SearchAction","target":{"@type":"EntryPoint","urlTemplate":"https:\/\/labema.pl\/?s={search_term_string}"},"query-input":{"@type":"PropertyValueSpecification","valueRequired":true,"valueName":"search_term_string"}}],"inLanguage":"pl-PL"},{"@type":"Organization","@id":"https:\/\/labema.pl\/#organization","name":"Labema","url":"https:\/\/labema.pl\/","logo":{"@type":"ImageObject","inLanguage":"pl-PL","@id":"https:\/\/labema.pl\/#\/schema\/logo\/image\/","url":"https:\/\/labema.pl\/wp-content\/uploads\/2016\/04\/labema.jpg","contentUrl":"https:\/\/labema.pl\/wp-content\/uploads\/2016\/04\/labema.jpg","width":875,"height":220,"caption":"Labema"},"image":{"@id":"https:\/\/labema.pl\/#\/schema\/logo\/image\/"}}]}},"_links":{"self":[{"href":"https:\/\/labema.pl\/index.php?rest_route=\/wp\/v2\/product\/3527","targetHints":{"allow":["GET"]}}],"collection":[{"href":"https:\/\/labema.pl\/index.php?rest_route=\/wp\/v2\/product"}],"about":[{"href":"https:\/\/labema.pl\/index.php?rest_route=\/wp\/v2\/types\/product"}],"wp:featuredmedia":[{"embeddable":true,"href":"https:\/\/labema.pl\/index.php?rest_route=\/wp\/v2\/media\/3534"}],"wp:attachment":[{"href":"https:\/\/labema.pl\/index.php?rest_route=%2Fwp%2Fv2%2Fmedia&parent=3527"}],"wp:term":[{"taxonomy":"product_brand","embeddable":true,"href":"https:\/\/labema.pl\/index.php?rest_route=%2Fwp%2Fv2%2Fproduct_brand&post=3527"},{"taxonomy":"product_cat","embeddable":true,"href":"https:\/\/labema.pl\/index.php?rest_route=%2Fwp%2Fv2%2Fproduct_cat&post=3527"},{"taxonomy":"product_tag","embeddable":true,"href":"https:\/\/labema.pl\/index.php?rest_route=%2Fwp%2Fv2%2Fproduct_tag&post=3527"}],"curies":[{"name":"wp","href":"https:\/\/api.w.org\/{rel}","templated":true}]}}