{"id":2500,"date":"2016-10-01T00:00:22","date_gmt":"2016-09-30T22:00:22","guid":{"rendered":"http:\/\/labema.pl\/?product=statyw-na-probowki-polygrid"},"modified":"2022-01-04T09:24:35","modified_gmt":"2022-01-04T08:24:35","slug":"statyw-na-probowki-skladany","status":"publish","type":"product","link":"https:\/\/labema.pl\/?product=statyw-na-probowki-skladany","title":{"rendered":"Statyw na prob\u00f3wki sk\u0142adany PP"},"content":{"rendered":"<p align=\"justify\">Statyw na prob\u00f3wki &#8211; sk\u0142adany. Wykonany z polipropylenu (PP). Zbudowany z 3 precyzyjne wykonanych element\u00f3w. Przeznaczony do prob\u00f3wek o r\u00f3\u017cnych \u015brednicach. Mo\u017cliwo\u015b\u0107 autoklawowania. Statywy dostarczany jest w stanie zmontowanym. Pakowany indywidualnie.<\/p>\n<p>Producent: Tarsons (Indie)<\/p>\n<p><span style=\"color: black; font-size: x-large;\">Specyfikacja<\/span><\/p>\n<table border=\"1\" rules=\"all\" bordercolor=\"#aaaaaa\">\n<tbody>\n<tr>\n<td colspan=\"1\" rowspan=\"1\" style=\"text-align: center;\"><strong>Nr kat.<\/strong><\/td>\n<td colspan=\"1\" rowspan=\"1\" style=\"text-align: center;\"><strong>Na prob\u00f3wki o \u015br.<br \/>\n[mm]<\/strong><\/td>\n<td colspan=\"1\" rowspan=\"1\" style=\"text-align: center;\"><strong>Ilo\u015b\u0107 miejsc<\/td<\/strong><\/td>\n<td colspan=\"1\" rowspan=\"1\" style=\"text-align: center;\"><strong>Kolor<\/td<\/strong><\/td>\n<td colspan=\"1\" rowspan=\"1\" style=\"text-align: center;\"><strong>Wymiary<br \/>\n[mm]<\/strong><\/td>\n<\/tr>\n<tr>\n<td colspan=\"1\" rowspan=\"1\" style=\"text-align: center;\">T205010<\/td>\n<td colspan=\"1\" rowspan=\"1\" style=\"text-align: center;\">13<\/td>\n<td colspan=\"1\" rowspan=\"1\" style=\"text-align: center;\">6&#215;15\/90<\/td>\n<td colspan=\"1\" rowspan=\"1\" style=\"text-align: center;\">bia\u0142y<\/td>\n<td colspan=\"1\" rowspan=\"1\" style=\"text-align: center;\">250x105x70<\/td>\n<\/tr>\n<tr>\n<td colspan=\"1\" rowspan=\"1\" style=\"text-align: center;\">T205020<\/td>\n<td colspan=\"1\" rowspan=\"1\" style=\"text-align: center;\">16<\/td>\n<td colspan=\"1\" rowspan=\"1\" style=\"text-align: center;\">5&#215;12\/60<\/td>\n<td colspan=\"1\" rowspan=\"1\" style=\"text-align: center;\">czerwony<\/td>\n<td colspan=\"1\" rowspan=\"1\" style=\"text-align: center;\">250x105x70<\/td>\n<\/tr>\n<tr>\n<td colspan=\"1\" rowspan=\"1\" style=\"text-align: center;\">T205030<\/td>\n<td colspan=\"1\" rowspan=\"1\" style=\"text-align: center;\">20<\/td>\n<td colspan=\"1\" rowspan=\"1\" style=\"text-align: center;\">4&#215;10\/40<\/td>\n<td colspan=\"1\" rowspan=\"1\" style=\"text-align: center;\">niebieski<\/td>\n<td colspan=\"1\" rowspan=\"1\" style=\"text-align: center;\">250x105x70<\/td>\n<\/tr>\n<tr>\n<td colspan=\"1\" rowspan=\"1\" style=\"text-align: center;\">T205040<\/td>\n<td colspan=\"1\" rowspan=\"1\" style=\"text-align: center;\">25<\/td>\n<td colspan=\"1\" rowspan=\"1\" style=\"text-align: center;\">3&#215;8\/24<\/td>\n<td colspan=\"1\" rowspan=\"1\" style=\"text-align: center;\">\u017c\u00f3\u0142ty<\/td>\n<td colspan=\"1\" rowspan=\"1\" style=\"text-align: center;\">250x105x70<\/td>\n<\/tr>\n<\/tbody>\n<\/table>\n<p>Test Tube Stand<\/p>\n","protected":false},"excerpt":{"rendered":"<p>Statyw na prob\u00f3wki &#8211; sk\u0142adany. Wykonany z polipropylenu (PP). Zbudowany z 3 precyzyjne wykonanych element\u00f3w. Przeznaczony do prob\u00f3wek o r\u00f3\u017cnych \u015brednicach. Mo\u017cliwo\u015b\u0107 autoklawowania. Statywy dostarczany jest w stanie zmontowanym. Pakowany indywidualnie. Producent: Tarsons (Indie) Specyfikacja Nr kat. Na prob\u00f3wki o \u015br. [mm] Ilo\u015b\u0107 miejsc<\/p>\n","protected":false},"featured_media":3008,"template":"","meta":{"_et_pb_use_builder":"","_et_pb_old_content":"","_et_gb_content_width":""},"product_brand":[],"product_cat":[59],"product_tag":[],"class_list":{"0":"post-2500","1":"product","2":"type-product","3":"status-publish","4":"has-post-thumbnail","6":"product_cat-statywy","7":"product_shipping_class-plastiki_labema","9":"first","10":"instock","11":"taxable","12":"shipping-taxable","13":"purchasable","14":"product-type-variable"},"yoast_head":"<!-- This site is optimized with the Yoast SEO plugin v26.7 - https:\/\/yoast.com\/wordpress\/plugins\/seo\/ -->\n<title>Statyw na prob\u00f3wki sk\u0142adany PP | Labema<\/title>\n<meta name=\"robots\" content=\"index, follow, max-snippet:-1, max-image-preview:large, max-video-preview:-1\" \/>\n<link rel=\"canonical\" href=\"https:\/\/labema.pl\/?product=statyw-na-probowki-skladany\" \/>\n<meta property=\"og:locale\" content=\"pl_PL\" \/>\n<meta property=\"og:type\" content=\"article\" \/>\n<meta property=\"og:title\" content=\"Statyw na prob\u00f3wki sk\u0142adany PP | Labema\" \/>\n<meta property=\"og:description\" content=\"Statyw na prob\u00f3wki &#8211; sk\u0142adany. Wykonany z polipropylenu (PP). Zbudowany z 3 precyzyjne wykonanych element\u00f3w. Przeznaczony do prob\u00f3wek o r\u00f3\u017cnych \u015brednicach. Mo\u017cliwo\u015b\u0107 autoklawowania. Statywy dostarczany jest w stanie zmontowanym. Pakowany indywidualnie. Producent: Tarsons (Indie) Specyfikacja Nr kat. Na prob\u00f3wki o \u015br. [mm] Ilo\u015b\u0107 miejsc\" \/>\n<meta property=\"og:url\" content=\"https:\/\/labema.pl\/?product=statyw-na-probowki-skladany\" \/>\n<meta property=\"og:site_name\" content=\"Labema\" \/>\n<meta property=\"article:modified_time\" content=\"2022-01-04T08:24:35+00:00\" \/>\n<meta property=\"og:image\" content=\"https:\/\/labema.pl\/wp-content\/uploads\/2016\/10\/Statyw_na_probowki_skladany_PP.jpg\" \/>\n\t<meta property=\"og:image:width\" content=\"534\" \/>\n\t<meta property=\"og:image:height\" content=\"400\" \/>\n\t<meta property=\"og:image:type\" content=\"image\/jpeg\" \/>\n<meta name=\"twitter:card\" content=\"summary_large_image\" \/>\n<script type=\"application\/ld+json\" class=\"yoast-schema-graph\">{\"@context\":\"https:\/\/schema.org\",\"@graph\":[{\"@type\":\"WebPage\",\"@id\":\"https:\/\/labema.pl\/?product=statyw-na-probowki-skladany\",\"url\":\"https:\/\/labema.pl\/?product=statyw-na-probowki-skladany\",\"name\":\"Statyw na prob\u00f3wki sk\u0142adany PP | Labema\",\"isPartOf\":{\"@id\":\"https:\/\/labema.pl\/#website\"},\"primaryImageOfPage\":{\"@id\":\"https:\/\/labema.pl\/?product=statyw-na-probowki-skladany#primaryimage\"},\"image\":{\"@id\":\"https:\/\/labema.pl\/?product=statyw-na-probowki-skladany#primaryimage\"},\"thumbnailUrl\":\"https:\/\/labema.pl\/wp-content\/uploads\/2016\/10\/Statyw_na_probowki_skladany_PP.jpg\",\"datePublished\":\"2016-09-30T22:00:22+00:00\",\"dateModified\":\"2022-01-04T08:24:35+00:00\",\"breadcrumb\":{\"@id\":\"https:\/\/labema.pl\/?product=statyw-na-probowki-skladany#breadcrumb\"},\"inLanguage\":\"pl-PL\",\"potentialAction\":[{\"@type\":\"ReadAction\",\"target\":[\"https:\/\/labema.pl\/?product=statyw-na-probowki-skladany\"]}]},{\"@type\":\"ImageObject\",\"inLanguage\":\"pl-PL\",\"@id\":\"https:\/\/labema.pl\/?product=statyw-na-probowki-skladany#primaryimage\",\"url\":\"https:\/\/labema.pl\/wp-content\/uploads\/2016\/10\/Statyw_na_probowki_skladany_PP.jpg\",\"contentUrl\":\"https:\/\/labema.pl\/wp-content\/uploads\/2016\/10\/Statyw_na_probowki_skladany_PP.jpg\",\"width\":534,\"height\":400,\"caption\":\"Statyw na prob\u00f3wki sk\u0142adany, PP\"},{\"@type\":\"BreadcrumbList\",\"@id\":\"https:\/\/labema.pl\/?product=statyw-na-probowki-skladany#breadcrumb\",\"itemListElement\":[{\"@type\":\"ListItem\",\"position\":1,\"name\":\"Strona g\u0142\u00f3wna\",\"item\":\"https:\/\/labema.pl\/\"},{\"@type\":\"ListItem\",\"position\":2,\"name\":\"e-Katalog\",\"item\":\"https:\/\/labema.pl\/?page_id=225\"},{\"@type\":\"ListItem\",\"position\":3,\"name\":\"Statyw na prob\u00f3wki sk\u0142adany PP\"}]},{\"@type\":\"WebSite\",\"@id\":\"https:\/\/labema.pl\/#website\",\"url\":\"https:\/\/labema.pl\/\",\"name\":\"Labema\",\"description\":\"Wyposa\u017cenie laboratorium\",\"publisher\":{\"@id\":\"https:\/\/labema.pl\/#organization\"},\"potentialAction\":[{\"@type\":\"SearchAction\",\"target\":{\"@type\":\"EntryPoint\",\"urlTemplate\":\"https:\/\/labema.pl\/?s={search_term_string}\"},\"query-input\":{\"@type\":\"PropertyValueSpecification\",\"valueRequired\":true,\"valueName\":\"search_term_string\"}}],\"inLanguage\":\"pl-PL\"},{\"@type\":\"Organization\",\"@id\":\"https:\/\/labema.pl\/#organization\",\"name\":\"Labema\",\"url\":\"https:\/\/labema.pl\/\",\"logo\":{\"@type\":\"ImageObject\",\"inLanguage\":\"pl-PL\",\"@id\":\"https:\/\/labema.pl\/#\/schema\/logo\/image\/\",\"url\":\"https:\/\/labema.pl\/wp-content\/uploads\/2016\/04\/labema.jpg\",\"contentUrl\":\"https:\/\/labema.pl\/wp-content\/uploads\/2016\/04\/labema.jpg\",\"width\":875,\"height\":220,\"caption\":\"Labema\"},\"image\":{\"@id\":\"https:\/\/labema.pl\/#\/schema\/logo\/image\/\"}}]}<\/script>\n<!-- \/ Yoast SEO plugin. -->","yoast_head_json":{"title":"Statyw na prob\u00f3wki sk\u0142adany PP | Labema","robots":{"index":"index","follow":"follow","max-snippet":"max-snippet:-1","max-image-preview":"max-image-preview:large","max-video-preview":"max-video-preview:-1"},"canonical":"https:\/\/labema.pl\/?product=statyw-na-probowki-skladany","og_locale":"pl_PL","og_type":"article","og_title":"Statyw na prob\u00f3wki sk\u0142adany PP | Labema","og_description":"Statyw na prob\u00f3wki &#8211; sk\u0142adany. Wykonany z polipropylenu (PP). Zbudowany z 3 precyzyjne wykonanych element\u00f3w. Przeznaczony do prob\u00f3wek o r\u00f3\u017cnych \u015brednicach. Mo\u017cliwo\u015b\u0107 autoklawowania. Statywy dostarczany jest w stanie zmontowanym. Pakowany indywidualnie. Producent: Tarsons (Indie) Specyfikacja Nr kat. Na prob\u00f3wki o \u015br. [mm] Ilo\u015b\u0107 miejsc","og_url":"https:\/\/labema.pl\/?product=statyw-na-probowki-skladany","og_site_name":"Labema","article_modified_time":"2022-01-04T08:24:35+00:00","og_image":[{"width":534,"height":400,"url":"https:\/\/labema.pl\/wp-content\/uploads\/2016\/10\/Statyw_na_probowki_skladany_PP.jpg","type":"image\/jpeg"}],"twitter_card":"summary_large_image","schema":{"@context":"https:\/\/schema.org","@graph":[{"@type":"WebPage","@id":"https:\/\/labema.pl\/?product=statyw-na-probowki-skladany","url":"https:\/\/labema.pl\/?product=statyw-na-probowki-skladany","name":"Statyw na prob\u00f3wki sk\u0142adany PP | Labema","isPartOf":{"@id":"https:\/\/labema.pl\/#website"},"primaryImageOfPage":{"@id":"https:\/\/labema.pl\/?product=statyw-na-probowki-skladany#primaryimage"},"image":{"@id":"https:\/\/labema.pl\/?product=statyw-na-probowki-skladany#primaryimage"},"thumbnailUrl":"https:\/\/labema.pl\/wp-content\/uploads\/2016\/10\/Statyw_na_probowki_skladany_PP.jpg","datePublished":"2016-09-30T22:00:22+00:00","dateModified":"2022-01-04T08:24:35+00:00","breadcrumb":{"@id":"https:\/\/labema.pl\/?product=statyw-na-probowki-skladany#breadcrumb"},"inLanguage":"pl-PL","potentialAction":[{"@type":"ReadAction","target":["https:\/\/labema.pl\/?product=statyw-na-probowki-skladany"]}]},{"@type":"ImageObject","inLanguage":"pl-PL","@id":"https:\/\/labema.pl\/?product=statyw-na-probowki-skladany#primaryimage","url":"https:\/\/labema.pl\/wp-content\/uploads\/2016\/10\/Statyw_na_probowki_skladany_PP.jpg","contentUrl":"https:\/\/labema.pl\/wp-content\/uploads\/2016\/10\/Statyw_na_probowki_skladany_PP.jpg","width":534,"height":400,"caption":"Statyw na prob\u00f3wki sk\u0142adany, PP"},{"@type":"BreadcrumbList","@id":"https:\/\/labema.pl\/?product=statyw-na-probowki-skladany#breadcrumb","itemListElement":[{"@type":"ListItem","position":1,"name":"Strona g\u0142\u00f3wna","item":"https:\/\/labema.pl\/"},{"@type":"ListItem","position":2,"name":"e-Katalog","item":"https:\/\/labema.pl\/?page_id=225"},{"@type":"ListItem","position":3,"name":"Statyw na prob\u00f3wki sk\u0142adany PP"}]},{"@type":"WebSite","@id":"https:\/\/labema.pl\/#website","url":"https:\/\/labema.pl\/","name":"Labema","description":"Wyposa\u017cenie laboratorium","publisher":{"@id":"https:\/\/labema.pl\/#organization"},"potentialAction":[{"@type":"SearchAction","target":{"@type":"EntryPoint","urlTemplate":"https:\/\/labema.pl\/?s={search_term_string}"},"query-input":{"@type":"PropertyValueSpecification","valueRequired":true,"valueName":"search_term_string"}}],"inLanguage":"pl-PL"},{"@type":"Organization","@id":"https:\/\/labema.pl\/#organization","name":"Labema","url":"https:\/\/labema.pl\/","logo":{"@type":"ImageObject","inLanguage":"pl-PL","@id":"https:\/\/labema.pl\/#\/schema\/logo\/image\/","url":"https:\/\/labema.pl\/wp-content\/uploads\/2016\/04\/labema.jpg","contentUrl":"https:\/\/labema.pl\/wp-content\/uploads\/2016\/04\/labema.jpg","width":875,"height":220,"caption":"Labema"},"image":{"@id":"https:\/\/labema.pl\/#\/schema\/logo\/image\/"}}]}},"_links":{"self":[{"href":"https:\/\/labema.pl\/index.php?rest_route=\/wp\/v2\/product\/2500","targetHints":{"allow":["GET"]}}],"collection":[{"href":"https:\/\/labema.pl\/index.php?rest_route=\/wp\/v2\/product"}],"about":[{"href":"https:\/\/labema.pl\/index.php?rest_route=\/wp\/v2\/types\/product"}],"wp:featuredmedia":[{"embeddable":true,"href":"https:\/\/labema.pl\/index.php?rest_route=\/wp\/v2\/media\/3008"}],"wp:attachment":[{"href":"https:\/\/labema.pl\/index.php?rest_route=%2Fwp%2Fv2%2Fmedia&parent=2500"}],"wp:term":[{"taxonomy":"product_brand","embeddable":true,"href":"https:\/\/labema.pl\/index.php?rest_route=%2Fwp%2Fv2%2Fproduct_brand&post=2500"},{"taxonomy":"product_cat","embeddable":true,"href":"https:\/\/labema.pl\/index.php?rest_route=%2Fwp%2Fv2%2Fproduct_cat&post=2500"},{"taxonomy":"product_tag","embeddable":true,"href":"https:\/\/labema.pl\/index.php?rest_route=%2Fwp%2Fv2%2Fproduct_tag&post=2500"}],"curies":[{"name":"wp","href":"https:\/\/api.w.org\/{rel}","templated":true}]}}