{"id":1974,"date":"2016-10-01T00:00:11","date_gmt":"2016-09-30T22:00:11","guid":{"rendered":"http:\/\/labema.pl\/?product=tryskawka-zintegrowana"},"modified":"2026-03-19T16:20:09","modified_gmt":"2026-03-19T15:20:09","slug":"tryskawka-zintegrowana","status":"publish","type":"product","link":"https:\/\/labema.pl\/?product=tryskawka-zintegrowana","title":{"rendered":"Tryskawka zintegrowana"},"content":{"rendered":"<p align=\"justify\">Tryskawka sk\u0142ada si\u0119 z butli polietylenowej o niskiej g\u0119sto\u015bci (LDPE) oraz szczelnej nakr\u0119tki z polipropylenu (PP). Mi\u0119kka i elastyczna. Zw\u0119\u017cona ko\u0144c\u00f3wka tryskawki pozwala na uzyskanie jednolitego i precyzyjnego strumienia, nie powoduj\u0105c rozprysk\u00f3w. Szeroka szyja u\u0142atwia nape\u0142nienie tryskawki ciecz\u0105. \u0141atwa w obs\u0142udze. Szczeg\u00f3lnie wygodna do przep\u0142ukiwania i dozowania.<\/p>\n<p>Producent: Tarsons (Indie)<\/p>\n<p><span style=\"color: black; font-size: x-large;\">Specyfikacja<\/span><\/p>\n<table border=\"1\" rules=\"all\" bordercolor=\"#aaaaaa\">\n<tbody>\n<tr>\n<td colspan=\"1\" rowspan=\"1\" style=\"text-align: center;\"><strong>Nr kat.<\/strong><\/td>\n<td colspan=\"1\" rowspan=\"1\" style=\"text-align: center;\"><strong>Pojemno\u015b\u0107<br \/>\n[ml]<\/strong><\/td>\n<td colspan=\"1\" rowspan=\"1\" style=\"text-align: center;\"><strong>\u015arednica nakr\u0119tki<br \/>\n[mm]<\/strong><\/td>\n<\/tr>\n<tr>\n<td colspan=\"1\" rowspan=\"1\" style=\"text-align: center;\">36607<\/td>\n<td colspan=\"1\" rowspan=\"1\" style=\"text-align: center;\">125<\/td>\n<td colspan=\"1\" rowspan=\"1\" style=\"text-align: center;\">38<\/td>\n<\/tr>\n<tr>\n<td colspan=\"1\" rowspan=\"1\" style=\"text-align: center;\">36605<\/td>\n<td colspan=\"1\" rowspan=\"1\" style=\"text-align: center;\">250<\/td>\n<td colspan=\"1\" rowspan=\"1\" style=\"text-align: center;\">38<\/td>\n<\/tr>\n<tr>\n<td colspan=\"1\" rowspan=\"1\" style=\"text-align: center;\">36606<\/td>\n<td colspan=\"1\" rowspan=\"1\" style=\"text-align: center;\">500<\/td>\n<td colspan=\"1\" rowspan=\"1\" style=\"text-align: center;\">38<\/td>\n<\/tr>\n<\/tbody>\n<\/table>\n<p>Wash bottle with integral side spout<\/p>\n","protected":false},"excerpt":{"rendered":"<p>Tryskawka sk\u0142ada si\u0119 z butli polietylenowej o niskiej g\u0119sto\u015bci (LDPE) oraz szczelnej nakr\u0119tki z polipropylenu (PP). Mi\u0119kka i elastyczna. Zw\u0119\u017cona ko\u0144c\u00f3wka tryskawki pozwala na uzyskanie jednolitego i precyzyjnego strumienia, nie powoduj\u0105c rozprysk\u00f3w. Szeroka szyja u\u0142atwia nape\u0142nienie tryskawki ciecz\u0105. \u0141atwa w obs\u0142udze. Szczeg\u00f3lnie wygodna do przep\u0142ukiwania i dozowania. Producent: Tarsons (Indie) Specyfikacja Nr kat. Pojemno\u015b\u0107 [ml] [&hellip;]<\/p>\n","protected":false},"featured_media":2804,"template":"","meta":{"_et_pb_use_builder":"","_et_pb_old_content":"","_et_gb_content_width":""},"product_brand":[],"product_cat":[65],"product_tag":[],"class_list":{"0":"post-1974","1":"product","2":"type-product","3":"status-publish","4":"has-post-thumbnail","6":"product_cat-butelki-i-tryskawki","7":"product_shipping_class-plastiki_labema","9":"first","10":"instock","11":"taxable","12":"shipping-taxable","13":"purchasable","14":"product-type-variable"},"yoast_head":"<!-- This site is optimized with the Yoast SEO plugin v26.7 - https:\/\/yoast.com\/wordpress\/plugins\/seo\/ -->\n<title>Tryskawka zintegrowana | Labema<\/title>\n<meta name=\"robots\" content=\"index, follow, max-snippet:-1, max-image-preview:large, max-video-preview:-1\" \/>\n<link rel=\"canonical\" href=\"https:\/\/labema.pl\/?product=tryskawka-zintegrowana\" \/>\n<meta property=\"og:locale\" content=\"pl_PL\" \/>\n<meta property=\"og:type\" content=\"article\" \/>\n<meta property=\"og:title\" content=\"Tryskawka zintegrowana | Labema\" \/>\n<meta property=\"og:description\" content=\"Tryskawka sk\u0142ada si\u0119 z butli polietylenowej o niskiej g\u0119sto\u015bci (LDPE) oraz szczelnej nakr\u0119tki z polipropylenu (PP). Mi\u0119kka i elastyczna. Zw\u0119\u017cona ko\u0144c\u00f3wka tryskawki pozwala na uzyskanie jednolitego i precyzyjnego strumienia, nie powoduj\u0105c rozprysk\u00f3w. Szeroka szyja u\u0142atwia nape\u0142nienie tryskawki ciecz\u0105. \u0141atwa w obs\u0142udze. Szczeg\u00f3lnie wygodna do przep\u0142ukiwania i dozowania. Producent: Tarsons (Indie) Specyfikacja Nr kat. Pojemno\u015b\u0107 [ml] [&hellip;]\" \/>\n<meta property=\"og:url\" content=\"https:\/\/labema.pl\/?product=tryskawka-zintegrowana\" \/>\n<meta property=\"og:site_name\" content=\"Labema\" \/>\n<meta property=\"article:modified_time\" content=\"2026-03-19T15:20:09+00:00\" \/>\n<meta property=\"og:image\" content=\"https:\/\/labema.pl\/wp-content\/uploads\/2016\/10\/Tryskawka_zintegrowana.jpg\" \/>\n\t<meta property=\"og:image:width\" content=\"534\" \/>\n\t<meta property=\"og:image:height\" content=\"400\" \/>\n\t<meta property=\"og:image:type\" content=\"image\/jpeg\" \/>\n<meta name=\"twitter:card\" content=\"summary_large_image\" \/>\n<script type=\"application\/ld+json\" class=\"yoast-schema-graph\">{\"@context\":\"https:\/\/schema.org\",\"@graph\":[{\"@type\":\"WebPage\",\"@id\":\"https:\/\/labema.pl\/?product=tryskawka-zintegrowana\",\"url\":\"https:\/\/labema.pl\/?product=tryskawka-zintegrowana\",\"name\":\"Tryskawka zintegrowana | Labema\",\"isPartOf\":{\"@id\":\"https:\/\/labema.pl\/#website\"},\"primaryImageOfPage\":{\"@id\":\"https:\/\/labema.pl\/?product=tryskawka-zintegrowana#primaryimage\"},\"image\":{\"@id\":\"https:\/\/labema.pl\/?product=tryskawka-zintegrowana#primaryimage\"},\"thumbnailUrl\":\"https:\/\/labema.pl\/wp-content\/uploads\/2016\/10\/Tryskawka_zintegrowana.jpg\",\"datePublished\":\"2016-09-30T22:00:11+00:00\",\"dateModified\":\"2026-03-19T15:20:09+00:00\",\"breadcrumb\":{\"@id\":\"https:\/\/labema.pl\/?product=tryskawka-zintegrowana#breadcrumb\"},\"inLanguage\":\"pl-PL\",\"potentialAction\":[{\"@type\":\"ReadAction\",\"target\":[\"https:\/\/labema.pl\/?product=tryskawka-zintegrowana\"]}]},{\"@type\":\"ImageObject\",\"inLanguage\":\"pl-PL\",\"@id\":\"https:\/\/labema.pl\/?product=tryskawka-zintegrowana#primaryimage\",\"url\":\"https:\/\/labema.pl\/wp-content\/uploads\/2016\/10\/Tryskawka_zintegrowana.jpg\",\"contentUrl\":\"https:\/\/labema.pl\/wp-content\/uploads\/2016\/10\/Tryskawka_zintegrowana.jpg\",\"width\":534,\"height\":400},{\"@type\":\"BreadcrumbList\",\"@id\":\"https:\/\/labema.pl\/?product=tryskawka-zintegrowana#breadcrumb\",\"itemListElement\":[{\"@type\":\"ListItem\",\"position\":1,\"name\":\"Strona g\u0142\u00f3wna\",\"item\":\"https:\/\/labema.pl\/\"},{\"@type\":\"ListItem\",\"position\":2,\"name\":\"e-Katalog\",\"item\":\"https:\/\/labema.pl\/?page_id=225\"},{\"@type\":\"ListItem\",\"position\":3,\"name\":\"Tryskawka zintegrowana\"}]},{\"@type\":\"WebSite\",\"@id\":\"https:\/\/labema.pl\/#website\",\"url\":\"https:\/\/labema.pl\/\",\"name\":\"Labema\",\"description\":\"Wyposa\u017cenie laboratorium\",\"publisher\":{\"@id\":\"https:\/\/labema.pl\/#organization\"},\"potentialAction\":[{\"@type\":\"SearchAction\",\"target\":{\"@type\":\"EntryPoint\",\"urlTemplate\":\"https:\/\/labema.pl\/?s={search_term_string}\"},\"query-input\":{\"@type\":\"PropertyValueSpecification\",\"valueRequired\":true,\"valueName\":\"search_term_string\"}}],\"inLanguage\":\"pl-PL\"},{\"@type\":\"Organization\",\"@id\":\"https:\/\/labema.pl\/#organization\",\"name\":\"Labema\",\"url\":\"https:\/\/labema.pl\/\",\"logo\":{\"@type\":\"ImageObject\",\"inLanguage\":\"pl-PL\",\"@id\":\"https:\/\/labema.pl\/#\/schema\/logo\/image\/\",\"url\":\"https:\/\/labema.pl\/wp-content\/uploads\/2016\/04\/labema.jpg\",\"contentUrl\":\"https:\/\/labema.pl\/wp-content\/uploads\/2016\/04\/labema.jpg\",\"width\":875,\"height\":220,\"caption\":\"Labema\"},\"image\":{\"@id\":\"https:\/\/labema.pl\/#\/schema\/logo\/image\/\"}}]}<\/script>\n<!-- \/ Yoast SEO plugin. -->","yoast_head_json":{"title":"Tryskawka zintegrowana | Labema","robots":{"index":"index","follow":"follow","max-snippet":"max-snippet:-1","max-image-preview":"max-image-preview:large","max-video-preview":"max-video-preview:-1"},"canonical":"https:\/\/labema.pl\/?product=tryskawka-zintegrowana","og_locale":"pl_PL","og_type":"article","og_title":"Tryskawka zintegrowana | Labema","og_description":"Tryskawka sk\u0142ada si\u0119 z butli polietylenowej o niskiej g\u0119sto\u015bci (LDPE) oraz szczelnej nakr\u0119tki z polipropylenu (PP). Mi\u0119kka i elastyczna. Zw\u0119\u017cona ko\u0144c\u00f3wka tryskawki pozwala na uzyskanie jednolitego i precyzyjnego strumienia, nie powoduj\u0105c rozprysk\u00f3w. Szeroka szyja u\u0142atwia nape\u0142nienie tryskawki ciecz\u0105. \u0141atwa w obs\u0142udze. Szczeg\u00f3lnie wygodna do przep\u0142ukiwania i dozowania. Producent: Tarsons (Indie) Specyfikacja Nr kat. Pojemno\u015b\u0107 [ml] [&hellip;]","og_url":"https:\/\/labema.pl\/?product=tryskawka-zintegrowana","og_site_name":"Labema","article_modified_time":"2026-03-19T15:20:09+00:00","og_image":[{"width":534,"height":400,"url":"https:\/\/labema.pl\/wp-content\/uploads\/2016\/10\/Tryskawka_zintegrowana.jpg","type":"image\/jpeg"}],"twitter_card":"summary_large_image","schema":{"@context":"https:\/\/schema.org","@graph":[{"@type":"WebPage","@id":"https:\/\/labema.pl\/?product=tryskawka-zintegrowana","url":"https:\/\/labema.pl\/?product=tryskawka-zintegrowana","name":"Tryskawka zintegrowana | Labema","isPartOf":{"@id":"https:\/\/labema.pl\/#website"},"primaryImageOfPage":{"@id":"https:\/\/labema.pl\/?product=tryskawka-zintegrowana#primaryimage"},"image":{"@id":"https:\/\/labema.pl\/?product=tryskawka-zintegrowana#primaryimage"},"thumbnailUrl":"https:\/\/labema.pl\/wp-content\/uploads\/2016\/10\/Tryskawka_zintegrowana.jpg","datePublished":"2016-09-30T22:00:11+00:00","dateModified":"2026-03-19T15:20:09+00:00","breadcrumb":{"@id":"https:\/\/labema.pl\/?product=tryskawka-zintegrowana#breadcrumb"},"inLanguage":"pl-PL","potentialAction":[{"@type":"ReadAction","target":["https:\/\/labema.pl\/?product=tryskawka-zintegrowana"]}]},{"@type":"ImageObject","inLanguage":"pl-PL","@id":"https:\/\/labema.pl\/?product=tryskawka-zintegrowana#primaryimage","url":"https:\/\/labema.pl\/wp-content\/uploads\/2016\/10\/Tryskawka_zintegrowana.jpg","contentUrl":"https:\/\/labema.pl\/wp-content\/uploads\/2016\/10\/Tryskawka_zintegrowana.jpg","width":534,"height":400},{"@type":"BreadcrumbList","@id":"https:\/\/labema.pl\/?product=tryskawka-zintegrowana#breadcrumb","itemListElement":[{"@type":"ListItem","position":1,"name":"Strona g\u0142\u00f3wna","item":"https:\/\/labema.pl\/"},{"@type":"ListItem","position":2,"name":"e-Katalog","item":"https:\/\/labema.pl\/?page_id=225"},{"@type":"ListItem","position":3,"name":"Tryskawka zintegrowana"}]},{"@type":"WebSite","@id":"https:\/\/labema.pl\/#website","url":"https:\/\/labema.pl\/","name":"Labema","description":"Wyposa\u017cenie laboratorium","publisher":{"@id":"https:\/\/labema.pl\/#organization"},"potentialAction":[{"@type":"SearchAction","target":{"@type":"EntryPoint","urlTemplate":"https:\/\/labema.pl\/?s={search_term_string}"},"query-input":{"@type":"PropertyValueSpecification","valueRequired":true,"valueName":"search_term_string"}}],"inLanguage":"pl-PL"},{"@type":"Organization","@id":"https:\/\/labema.pl\/#organization","name":"Labema","url":"https:\/\/labema.pl\/","logo":{"@type":"ImageObject","inLanguage":"pl-PL","@id":"https:\/\/labema.pl\/#\/schema\/logo\/image\/","url":"https:\/\/labema.pl\/wp-content\/uploads\/2016\/04\/labema.jpg","contentUrl":"https:\/\/labema.pl\/wp-content\/uploads\/2016\/04\/labema.jpg","width":875,"height":220,"caption":"Labema"},"image":{"@id":"https:\/\/labema.pl\/#\/schema\/logo\/image\/"}}]}},"_links":{"self":[{"href":"https:\/\/labema.pl\/index.php?rest_route=\/wp\/v2\/product\/1974","targetHints":{"allow":["GET"]}}],"collection":[{"href":"https:\/\/labema.pl\/index.php?rest_route=\/wp\/v2\/product"}],"about":[{"href":"https:\/\/labema.pl\/index.php?rest_route=\/wp\/v2\/types\/product"}],"wp:featuredmedia":[{"embeddable":true,"href":"https:\/\/labema.pl\/index.php?rest_route=\/wp\/v2\/media\/2804"}],"wp:attachment":[{"href":"https:\/\/labema.pl\/index.php?rest_route=%2Fwp%2Fv2%2Fmedia&parent=1974"}],"wp:term":[{"taxonomy":"product_brand","embeddable":true,"href":"https:\/\/labema.pl\/index.php?rest_route=%2Fwp%2Fv2%2Fproduct_brand&post=1974"},{"taxonomy":"product_cat","embeddable":true,"href":"https:\/\/labema.pl\/index.php?rest_route=%2Fwp%2Fv2%2Fproduct_cat&post=1974"},{"taxonomy":"product_tag","embeddable":true,"href":"https:\/\/labema.pl\/index.php?rest_route=%2Fwp%2Fv2%2Fproduct_tag&post=1974"}],"curies":[{"name":"wp","href":"https:\/\/api.w.org\/{rel}","templated":true}]}}