{"id":226,"date":"2016-04-18T16:15:25","date_gmt":"2016-04-18T14:15:25","guid":{"rendered":"http:\/\/labema.pl\/koszyk\/"},"modified":"2021-04-04T22:27:48","modified_gmt":"2021-04-04T20:27:48","slug":"koszyk","status":"publish","type":"page","link":"https:\/\/labema.pl\/?page_id=226","title":{"rendered":"Koszyk"},"content":{"rendered":"<div class=\"woocommerce\"><div class=\"woocommerce-notices-wrapper\"><\/div><div class=\"wc-empty-cart-message\">\n\t<div class=\"cart-empty woocommerce-info\" role=\"status\">\n\t\tTw\u00f3j koszyk aktualnie jest pusty.\t<\/div>\n<\/div>\t<p class=\"return-to-shop\">\n\t\t<a class=\"button wc-backward\" href=\"https:\/\/labema.pl\/?page_id=225\">\n\t\t\tWr\u00f3\u0107 do sklepu\t\t<\/a>\n\t<\/p>\n<\/div>\n<p>Dane do przedp\u0142aty (przelew tradycyjny) otrzymasz wraz z Faktur\u0105 PRO-FORMA. Na wp\u0142at\u0119 oczekujemy 2 dni robocze. Odroczona p\u0142atno\u015b\u0107 jest mo\u017cliwa dla szk\u00f3\u0142 i uczelni publicznych, urz\u0119d\u00f3w i jednostek administracji publicznej oraz sta\u0142ych klient\u00f3w.<\/p>\n<p>Zam\u00f3wienia wysy\u0142amy firm\u0105 kuriersk\u0105 DPD. Czas dostawy wynosi 1-2 dni robocze. Produkty dost\u0119pne w magazynie s\u0105 wysy\u0142ane w nast\u0119pnym dniu roboczym od przyj\u0119cia zam\u00f3wienia lub zaksi\u0119gowania wp\u0142aty.<\/p>\n","protected":false},"excerpt":{"rendered":"<p>Dane do przedp\u0142aty (przelew tradycyjny) otrzymasz wraz z Faktur\u0105 PRO-FORMA. Na wp\u0142at\u0119 oczekujemy 2 dni robocze. Odroczona p\u0142atno\u015b\u0107 jest mo\u017cliwa dla szk\u00f3\u0142 i uczelni publicznych, urz\u0119d\u00f3w i jednostek administracji publicznej oraz sta\u0142ych klient\u00f3w. Zam\u00f3wienia wysy\u0142amy firm\u0105 kuriersk\u0105 DPD. Czas dostawy wynosi 1-2 dni robocze. Produkty dost\u0119pne w magazynie s\u0105 wysy\u0142ane w nast\u0119pnym dniu roboczym od [&hellip;]<\/p>\n","protected":false},"author":1,"featured_media":0,"parent":0,"menu_order":0,"comment_status":"closed","ping_status":"closed","template":"","meta":{"_et_pb_use_builder":"off","_et_pb_old_content":"[woocommerce_cart]\nZam\u00f3wienia wysy\u0142amy firm\u0105 kuriersk\u0105 DPD. Czas dostawy wynosi 1-2 dni robocze. Produkty dost\u0119pne na magazynie s\u0105 wysy\u0142ane najp\u00f3\u017aniej w nast\u0119pnym dniu roboczym od potwierdzenia zam\u00f3wienia\/zaksi\u0119gowania wp\u0142aty.\n\n* Dane do przedp\u0142aty (przelew tradycyjny) otrzymasz wraz z Faktur\u0105 Pro Forma. Odroczona p\u0142atno\u015b\u0107 jest dost\u0119pna dla szk\u00f3\u0142, uczelni, urz\u0119d\u00f3w, jednostek administracji publicznej oraz sta\u0142ych klient\u00f3w.","_et_gb_content_width":"","footnotes":""},"class_list":["post-226","page","type-page","status-publish","hentry"],"yoast_head":"<!-- This site is optimized with the Yoast SEO plugin v26.7 - https:\/\/yoast.com\/wordpress\/plugins\/seo\/ -->\n<title>Koszyk | Labema<\/title>\n<meta name=\"robots\" content=\"index, follow, max-snippet:-1, max-image-preview:large, max-video-preview:-1\" \/>\n<link rel=\"canonical\" href=\"https:\/\/labema.pl\/?page_id=226\" \/>\n<meta property=\"og:locale\" content=\"pl_PL\" \/>\n<meta property=\"og:type\" content=\"article\" \/>\n<meta property=\"og:title\" content=\"Koszyk | Labema\" \/>\n<meta property=\"og:description\" content=\"Dane do przedp\u0142aty (przelew tradycyjny) otrzymasz wraz z Faktur\u0105 PRO-FORMA. Na wp\u0142at\u0119 oczekujemy 2 dni robocze. Odroczona p\u0142atno\u015b\u0107 jest mo\u017cliwa dla szk\u00f3\u0142 i uczelni publicznych, urz\u0119d\u00f3w i jednostek administracji publicznej oraz sta\u0142ych klient\u00f3w. Zam\u00f3wienia wysy\u0142amy firm\u0105 kuriersk\u0105 DPD. Czas dostawy wynosi 1-2 dni robocze. Produkty dost\u0119pne w magazynie s\u0105 wysy\u0142ane w nast\u0119pnym dniu roboczym od [&hellip;]\" \/>\n<meta property=\"og:url\" content=\"https:\/\/labema.pl\/?page_id=226\" \/>\n<meta property=\"og:site_name\" content=\"Labema\" \/>\n<meta property=\"article:modified_time\" content=\"2021-04-04T20:27:48+00:00\" \/>\n<meta name=\"twitter:card\" content=\"summary_large_image\" \/>\n<script type=\"application\/ld+json\" class=\"yoast-schema-graph\">{\"@context\":\"https:\/\/schema.org\",\"@graph\":[{\"@type\":\"WebPage\",\"@id\":\"https:\/\/labema.pl\/?page_id=226\",\"url\":\"https:\/\/labema.pl\/?page_id=226\",\"name\":\"Koszyk | Labema\",\"isPartOf\":{\"@id\":\"https:\/\/labema.pl\/#website\"},\"datePublished\":\"2016-04-18T14:15:25+00:00\",\"dateModified\":\"2021-04-04T20:27:48+00:00\",\"breadcrumb\":{\"@id\":\"https:\/\/labema.pl\/?page_id=226#breadcrumb\"},\"inLanguage\":\"pl-PL\",\"potentialAction\":[{\"@type\":\"ReadAction\",\"target\":[\"https:\/\/labema.pl\/?page_id=226\"]}]},{\"@type\":\"BreadcrumbList\",\"@id\":\"https:\/\/labema.pl\/?page_id=226#breadcrumb\",\"itemListElement\":[{\"@type\":\"ListItem\",\"position\":1,\"name\":\"Strona g\u0142\u00f3wna\",\"item\":\"https:\/\/labema.pl\/\"},{\"@type\":\"ListItem\",\"position\":2,\"name\":\"Koszyk\"}]},{\"@type\":\"WebSite\",\"@id\":\"https:\/\/labema.pl\/#website\",\"url\":\"https:\/\/labema.pl\/\",\"name\":\"Labema\",\"description\":\"Wyposa\u017cenie laboratorium\",\"publisher\":{\"@id\":\"https:\/\/labema.pl\/#organization\"},\"potentialAction\":[{\"@type\":\"SearchAction\",\"target\":{\"@type\":\"EntryPoint\",\"urlTemplate\":\"https:\/\/labema.pl\/?s={search_term_string}\"},\"query-input\":{\"@type\":\"PropertyValueSpecification\",\"valueRequired\":true,\"valueName\":\"search_term_string\"}}],\"inLanguage\":\"pl-PL\"},{\"@type\":\"Organization\",\"@id\":\"https:\/\/labema.pl\/#organization\",\"name\":\"Labema\",\"url\":\"https:\/\/labema.pl\/\",\"logo\":{\"@type\":\"ImageObject\",\"inLanguage\":\"pl-PL\",\"@id\":\"https:\/\/labema.pl\/#\/schema\/logo\/image\/\",\"url\":\"https:\/\/labema.pl\/wp-content\/uploads\/2016\/04\/labema.jpg\",\"contentUrl\":\"https:\/\/labema.pl\/wp-content\/uploads\/2016\/04\/labema.jpg\",\"width\":875,\"height\":220,\"caption\":\"Labema\"},\"image\":{\"@id\":\"https:\/\/labema.pl\/#\/schema\/logo\/image\/\"}}]}<\/script>\n<!-- \/ Yoast SEO plugin. -->","yoast_head_json":{"title":"Koszyk | Labema","robots":{"index":"index","follow":"follow","max-snippet":"max-snippet:-1","max-image-preview":"max-image-preview:large","max-video-preview":"max-video-preview:-1"},"canonical":"https:\/\/labema.pl\/?page_id=226","og_locale":"pl_PL","og_type":"article","og_title":"Koszyk | Labema","og_description":"Dane do przedp\u0142aty (przelew tradycyjny) otrzymasz wraz z Faktur\u0105 PRO-FORMA. Na wp\u0142at\u0119 oczekujemy 2 dni robocze. Odroczona p\u0142atno\u015b\u0107 jest mo\u017cliwa dla szk\u00f3\u0142 i uczelni publicznych, urz\u0119d\u00f3w i jednostek administracji publicznej oraz sta\u0142ych klient\u00f3w. Zam\u00f3wienia wysy\u0142amy firm\u0105 kuriersk\u0105 DPD. Czas dostawy wynosi 1-2 dni robocze. Produkty dost\u0119pne w magazynie s\u0105 wysy\u0142ane w nast\u0119pnym dniu roboczym od [&hellip;]","og_url":"https:\/\/labema.pl\/?page_id=226","og_site_name":"Labema","article_modified_time":"2021-04-04T20:27:48+00:00","twitter_card":"summary_large_image","schema":{"@context":"https:\/\/schema.org","@graph":[{"@type":"WebPage","@id":"https:\/\/labema.pl\/?page_id=226","url":"https:\/\/labema.pl\/?page_id=226","name":"Koszyk | Labema","isPartOf":{"@id":"https:\/\/labema.pl\/#website"},"datePublished":"2016-04-18T14:15:25+00:00","dateModified":"2021-04-04T20:27:48+00:00","breadcrumb":{"@id":"https:\/\/labema.pl\/?page_id=226#breadcrumb"},"inLanguage":"pl-PL","potentialAction":[{"@type":"ReadAction","target":["https:\/\/labema.pl\/?page_id=226"]}]},{"@type":"BreadcrumbList","@id":"https:\/\/labema.pl\/?page_id=226#breadcrumb","itemListElement":[{"@type":"ListItem","position":1,"name":"Strona g\u0142\u00f3wna","item":"https:\/\/labema.pl\/"},{"@type":"ListItem","position":2,"name":"Koszyk"}]},{"@type":"WebSite","@id":"https:\/\/labema.pl\/#website","url":"https:\/\/labema.pl\/","name":"Labema","description":"Wyposa\u017cenie laboratorium","publisher":{"@id":"https:\/\/labema.pl\/#organization"},"potentialAction":[{"@type":"SearchAction","target":{"@type":"EntryPoint","urlTemplate":"https:\/\/labema.pl\/?s={search_term_string}"},"query-input":{"@type":"PropertyValueSpecification","valueRequired":true,"valueName":"search_term_string"}}],"inLanguage":"pl-PL"},{"@type":"Organization","@id":"https:\/\/labema.pl\/#organization","name":"Labema","url":"https:\/\/labema.pl\/","logo":{"@type":"ImageObject","inLanguage":"pl-PL","@id":"https:\/\/labema.pl\/#\/schema\/logo\/image\/","url":"https:\/\/labema.pl\/wp-content\/uploads\/2016\/04\/labema.jpg","contentUrl":"https:\/\/labema.pl\/wp-content\/uploads\/2016\/04\/labema.jpg","width":875,"height":220,"caption":"Labema"},"image":{"@id":"https:\/\/labema.pl\/#\/schema\/logo\/image\/"}}]}},"_links":{"self":[{"href":"https:\/\/labema.pl\/index.php?rest_route=\/wp\/v2\/pages\/226","targetHints":{"allow":["GET"]}}],"collection":[{"href":"https:\/\/labema.pl\/index.php?rest_route=\/wp\/v2\/pages"}],"about":[{"href":"https:\/\/labema.pl\/index.php?rest_route=\/wp\/v2\/types\/page"}],"author":[{"embeddable":true,"href":"https:\/\/labema.pl\/index.php?rest_route=\/wp\/v2\/users\/1"}],"replies":[{"embeddable":true,"href":"https:\/\/labema.pl\/index.php?rest_route=%2Fwp%2Fv2%2Fcomments&post=226"}],"version-history":[{"count":15,"href":"https:\/\/labema.pl\/index.php?rest_route=\/wp\/v2\/pages\/226\/revisions"}],"predecessor-version":[{"id":5176,"href":"https:\/\/labema.pl\/index.php?rest_route=\/wp\/v2\/pages\/226\/revisions\/5176"}],"wp:attachment":[{"href":"https:\/\/labema.pl\/index.php?rest_route=%2Fwp%2Fv2%2Fmedia&parent=226"}],"curies":[{"name":"wp","href":"https:\/\/api.w.org\/{rel}","templated":true}]}}